481 prime?
True
Is 33232481 a composite number?
False
Is 14980807 a prime number?
False
Is 35052515 prime?
False
Is 1197813 prime?
False
Is 4173061 prime?
False
Is 422467807 composite?
False
Is 2038703 a composite number?
False
Is 11922751 a composite number?
True
Is 44497351 prime?
True
Is 4983013 composite?
True
Is 12403127 a composite number?
True
Is 1285937 a composite number?
False
Is 314201 a prime number?
False
Is 10056793 composite?
False
Is 2681431 a composite number?
True
Is 239434097 composite?
True
Is 3764927 a prime number?
False
Is 124419263 a composite number?
False
Is 1703249 a composite number?
True
Is 95899459 prime?
True
Is 64879883 prime?
True
Is 6766855 a composite number?
True
Is 126469331 composite?
False
Is 8267277 composite?
True
Is 34521427 a composite number?
True
Is 11887 composite?
False
Is 142722497 composite?
True
Is 39957727 prime?
True
Is 1674779 a prime number?
False
Is 327009027 composite?
True
Is 54953 prime?
False
Is 148397939 composite?
True
Is 262853749 prime?
True
Is 1799923 a composite number?
False
Is 50207485 prime?
False
Is 154561 composite?
True
Is 38757673 composite?
False
Is 33283879 a prime number?
True
Is 9696181 prime?
False
Is 360528343 composite?
True
Is 12988474 a composite number?
True
Is 3413119 a composite number?
False
Is 3513071 a composite number?
False
Is 2598961 composite?
True
Is 16401701 prime?
True
Is 251234303 composite?
True
Is 356924497 prime?
True
Is 68114837 composite?
True
Is 1764449 prime?
True
Is 13229389 composite?
False
Is 4104239 prime?
True
Is 527927 composite?
True
Is 221152211 a prime number?
False
Is 2101429 prime?
False
Is 30752339 a prime number?
True
Is 26601407 a prime number?
False
Is 7492721 prime?
False
Is 7487989 a prime number?
True
Is 71403665 a composite number?
True
Is 146417771 prime?
True
Is 1700939 composite?
True
Is 32268557 a prime number?
False
Is 22988345 prime?
False
Is 3103361 a prime number?
False
Is 6610463 a prime number?
False
Is 3180193 composite?
False
Is 16258747 a composite number?
True
Is 8992597 composite?
True
Is 12965461 prime?
True
Is 16780826 a composite number?
True
Is 1874941 a prime number?
True
Is 142025411 a prime number?
False
Is 16758553 a composite number?
True
Is 37163279 composite?
False
Is 105829151 composite?
True
Is 1340221 prime?
True
Is 32237533 prime?
True
Is 9263537 a composite number?
False
Is 3807158 a prime number?
False
Is 1062458 a prime number?
False
Is 321855377 composite?
False
Is 764297 a composite number?
True
Is 4918567 a prime number?
True
Is 392393 a composite number?
True
Is 3028997 a composite number?
False
Is 302226541 prime?
True
Is 25059971 composite?
True
Is 5137711 a prime number?
False
Is 1278463 a composite number?
False
Is 324631871 composite?
False
Is 1284103 a composite number?
True
Is 18875257 a prime number?
False
Is 205489 composite?
True
Is 152474879 a prime number?
True
Is 6626891 composite?
True
Is 26415349 prime?
True
Is 51786901 a prime number?
False
Is 53125021 a composite number?
True
Is 10703543 prime?
True
Is 17933702 composite?
True
Is 12254159 a prime number?
False
Is 52833191 composite?
True
Is 13417181 a composite number?
True
Is 192330093 prime?
False
Is 4777897 prime?
False
Is 54010757 prime?
True
Is 4606787 composite?
True
Is 79427033 a prime number?
False
Is 253928417 a prime number?
False
Is 473282741 composite?
False
Is 541241507 composite?
False
Is 1719041 prime?
False
Is 11529353 composite?
True
Is 2731889 prime?
True
Is 1985635 a prime number?
False
Is 1391207 a composite number?
False
Is 20685745 prime?
False
Is 836449 prime?
True
Is 91187 composite?
True
Is 3614077 composite?
True
Is 72117967 a composite number?
False
Is 10286693 a composite number?
True
Is 326960363 a composite number?
True
Is 105071 a composite number?
False
Is 193561 a prime number?
False
Is 80517181 a composite number?
True
Is 6607511 a prime number?
False
Is 151509379 a composite number?
True
Is 36457451 a prime number?
True
Is 63412631 a composite number?
True
Is 418027043 composite?
True
Is 1338947 a prime number?
False
Is 1021178481 prime?
False
Is 2761331 prime?
False
Is 394304465 prime?
False
Is 8267711 a composite number?
False
Is 88685777 composite?
True
Is 1672487 a composite number?
False
Is 1687223 composite?
True
Is 9762901 a composite number?
False
Is 9839441 a prime number?
False
Is 42050147 prime?
False
Is 33613091 a composite number?
True
Is 5227181 a composite number?
True
Is 131605981 prime?
False
Is 6974789 a prime number?
True
Is 364453 composite?
True
Is 256285609 a prime number?
True
Is 6433519 composite?
False
Is 34362829 a composite number?
False
Is 18597767 composite?
True
Is 5083927 prime?
True
Is 7082461 a composite number?
False
Is 64334131 a composite number?
True
Is 7846955 composite?
True
Is 82444997 a composite number?
False
Is 6704013 a prime number?
False
Is 80828893 prime?
True
Is 351521453 a prime number?
False
Is 8028385 a prime number?
False
Is 3733271 a prime number?
True
Is 2865089 a composite number?
True
Is 873813 a prime number?
False
Is 31619327 a composite number?
False
Is 7958143 a prime number?
True
Is 140174011 a prime number?
True
Is 160462023 a composite number?
True
Is 6363881 a prime number?
True
Is 230919581 a composite number?
False
Is 1819577 composite?
False
Is 9353647 composite?
True
Is 50642629 prime?
True
Is 257795997 a prime number?
False
Is 15232309 prime?
False
Is 69310447 a composite number?
False
Is 24443401 a composite number?
True
Is 24738937 a prime number?
True
Is 25460009 composite?
False
Is 258647 a prime number?
False
Is 3366899 a prime number?
True
Is 1339901 a composite number?
False
Is 2021303 prime?
False
Is 23851181 composite?
True
Is 9413551 a prime number?
False
Is 297989 a composite number?
False
Is 11630353 a composite number?
True
Is 378383627 prime?
True
Is 33319931 prime?
True
Is 117517238 prime?
False
Is 14950333 prime?
True
Is 467502637 composite?
True
Is 591150533 composite?
False
Is 25770839 prime?
True
Is 16170901 prime?
True
Is 1087 composite?
False
Is 12325291 prime?
False
Is 22081369 prime?
False
Is 47448347 a prime number?
True
Is 9212349 composite?
True
Is 4320131 prime?
False
Is 96550661 a prime number?
True
Is 98041337 prime?
True
Is 799417 composite?
False
Is 124574491 composite?
True
Is 648993011 a composite number?
False
Is 28324819 a prime number?
False
Is 27279211 a composite number?
False
Is 504731 composite?
True
Is 2102777 a prime number?
True
Is 5649445 prime?
False
Is 2455253 prime?
True
Is 25639349 prime?
False
Is 9667633 prime?
True
Is 215798813 prime?
False
Is 687299 a prime number?
True
Is 80610253 a composite number?
False
Is 7541431 a composite number?
False
Is 9759742 a composite number?
True
Is 113435437 a prime number?
True
Is 53918017 prime?
False
Is 14699743 a prime number?
True
Is 6232973 composite?
True
Is 80635 composite?
True
Is 82710451 prime?
True
Is 4875653 a composite number?
False
Is 49444133 a prime number?
True
Is 1622249 composite?
True
Is 212190859 a composite number?
True
Is 1738855 composite?
True
Is 4622311 prime?
True
Is 6818677 a composite number?
False
Is 245412745 a prime number?
False
Is 1841617 a composite number?
True
Is 354997 prime?
True
Is 5911391 prime?
False
Is 12489121 prime?
False
Is 183632539 a composite number?
False
Is 44480391 composite?
True
Is 7479146 prime?
False
Is 391123 composite?
True
Is 368043626 prime?
False
Is 87170267 prime?
False
Is 315390949 a prime number?
True
Is 1987871 a composite number?
True
Is 26300915 prime?
False
Is 7974697 prime?
False
Is 2287457 a composite number?
True
Is 10810427 a composite number?
False
Is 8519377 composite?
False
Is 2174461 a composite number?
False
Is 601943 composite?
False
Is 38815159 composite?
True
Is 37028531 prime?
True
Is 387126071 prime?
False
Is 1522583 a composite number?
True
Is 29557097 a composite number?
False
Is 10950643 composite?
True
Is 11928887 prime?
True
Is 28027231 a composite number?
True
Is 18517 a prime number?
True
Is 6287311 a prime number?
True
Is 4615519 prime?
True
Is 252498713 a composite number?
False
Is 2077381 composite?
True
Is 109068107 prime?
False
Is 43548259 prime?
True
Is 54417871 a prime number?
False
Is 14010655 prime?
False
Is 284478557 composite?
True
